 = -89205. What is the units digit of n?
8
What is the hundreds digit of ((-17)/(-5))/(34/153170)?
3
Let n = -206 - -90. Let c(d) = 3*d**3 - 32*d**2 + 34*d - 285. Let a be c(11). Let w = n + a. What is the units digit of w?
4
Let j = 16257 - 10733. What is the thousands digit of j?
5
Let w be (2 - (-12)/3)/((-6)/4). Let x(m) be the third derivative of m**5/60 + m**4/24 + m**3/2 - 2*m**2. What is the units digit of x(w)?
5
Let q be (304*(-42)/(-56))/(-1 - 0). Let i = 689 - q. What is the tens digit of i?
1
Let g(h) = 8*h**2 + 6*h - 7. Let i be g(-4). Let n = i + 121. Suppose -3*d - 2*r = -n, 8*d + 284 = 12*d + 4*r. What is the tens digit of d?
7
Suppose f = 3*s - 2234, 5*s + 10*f - 3712 = 6*f. Let x = 1119 - s. What is the tens digit of x?
7
Let r = 71248 - 50292. What is the units digit of r?
6
Suppose -175*f + 11401366 = 132*f. What is the thousands digit of f?
7
Let v(k) be the first derivative of 11*k**3/3 + 3*k**2/2 - 94*k - 203. What is the tens digit of v(10)?
3
Let w be (-1)/((-1)/(-15)*-3). Let k(r) = -6*r + 10. Let y be k(w). What is the tens digit of (1 + (-43)/(-2))*(-72)/y?
8
Let i = -22405 - -31563. What is the thousands digit of i?
9
Let d(z) = -22*z + 1583. Let h be d(0). Let b = 2474 - h. What is the hundreds digit of b?
8
Suppose -1623*b - 57684 = -1634*b. What is the tens digit of b?
4
Let h(y) = 41*y**2 - 14*y - 40. Suppose -m - 24 = 5*k - 8, 0 = 5*m - 20. What is the hundreds digit of h(k)?
6
Let i(w) = 10*w - 76. Let h(u) = 2*u - 15. Let m(s) = 11*h(s) - 2*i(s). Let y be m(9). What is the tens digit of 54/(-15) + (-2)/y + 170?
6
Let g be 7 - (31 - 33)/((-2)/(-47)). Let z be (-32)/(-3)*(-60)/(-16). Suppose g = x - z. What is the units digit of x?
4
Let l = -25916 - -63853. What is the thousands digit of l?
7
Let s = 913 + -468. Let n = 498 - s. What is the units digit of n?
3
Let u(w) = -w**3 - 6*w**2 + 5*w - 2. Suppose 2*a + 5*h = -0*a + 6, 0 = 5*h + 10. Suppose 0 = -2*c - 6 - a. What is the units digit of u(c)?
2
Let t = 393 - 94. Let b = 445 + -650. Let l = b + t. What is the units digit of l?
4
Suppose -2404754 = -54*s - 463778. What is the hundreds digit of s?
9
Suppose -79*u + 2977865 = 116425 - 802738. What is the tens digit of u?
8
Let o(d) = 3*d + 2989. Let m be o(0). Suppose -19*z = -12*z - m. What is the units digit of z?
7
Let l = -85903 - -132132. What is the ten thousands digit of l?
4
Suppose m + 122311 = 3*w - 88407, -210686 = -3*w + 5*m. What is the units digit of w?
2
What is the units digit of 54343 + 144/(-64)*-4?
2
Let z = -31146 + 46834. What is the hundreds digit of z?
6
Suppose 3*r + 160 = 2*v, -4*r = -r + v + 172. Let u = r - -58. Suppose -u*o = -4*t + t + 92, -2*t = 5*o - 74. What is the tens digit of t?
3
Let r = 425 + -420. Suppose 5*c = -0 - 10, 2*a = r*c + 1466. What is the tens digit of a?
2
Suppose -3*y + 8980 = -4*r, 0 = 2*r - 10. Suppose y = 4*s - 3*o, s - 339 - 430 = -4*o. What is the tens digit of s?
5
Suppose -200 = -10*k + 18*k. Let l(f) = -2*f**2 + 19*f + 21. Let r be l(k). What is the tens digit of r/9*12/(-16)?
4
Let k(d) = -448*d**3 - 4*d**2 + 49*d + 279. What is the hundreds digit of k(-5)?
9
Suppose -35845 - 44595 = -4*n. What is the thousands digit of n?
0
Suppose -5*i = 15, 1187 = -3*d - i - 154. What is the units digit of (d/4 + 0)*-4?
6
Let l(t) = t**3 + 2*t**2 - t - 1. Let b(j) = -24*j**3 - 8*j**2 - 5*j - 2. Let r(d) = b(d) + 2*l(d). What is the tens digit of r(-2)?
7
Let v = -961 - -2284. Let k = -875 + v. What is the hundreds digit of k?
4
Suppose 15*j - 3267 = 6*j. Let b = j + -85. What is the units digit of b?
8
Let f = 148 + -112. Let l be f*2*4/16. Suppose -460 + l = -2*g. What is the tens digit of g?
2
What is the ten thousands digit of (1463/(-95) - -12) + 38803 + 6/(-10)?
3
Suppose 2138 = 5*o + 5*m - 2212, 16 = 4*m. Suppose 569 = 7*d - o. What is the hundreds digit of d?
2
Suppose -4*g = 3*y + 536 - 4470, -3*g = 5*y - 2945. Suppose -485 = -5*k + g. What is the tens digit of k?
9
Let h(b) = 8*b - 189. Let k be h(23). Let u(j) = -192*j + 136. What is the units digit of u(k)?
6
Let b(p) be the second derivative of 0 + 13/3*p**3 + 20*p + 17/2*p**2. What is the tens digit of b(6)?
7
Let u = 224 - 238. What is the units digit of 20 + u + 1177 + 2?
5
Suppose t - 8472 = -184*n + 179*n, 42 = 7*n. What is the thousands digit of t?
8
Let w = -41 - -44. Let z be ((-16)/6 + w)/((-2)/(-36)). Suppose 2*s + 3*k - z*k = 89, -3*k = -s + 37. What is the units digit of s?
2
Let c = 32290 + -21775. What is the thousands digit of c?
0
What is the hundreds digit of 15/(-12 + 27) + 6242?
2
Suppose -5*x = 28480 - 126545 - 226025. What is the thousands digit of x?
4
Let z = -408 + 420. What is the tens digit of 11/((-22)/z) + 880?
7
Suppose 52432 = 8*u + 5*c, 29*u - 19669 = 26*u - c. What is the thousands digit of u?
6
What is the tens digit of 211/(-633) + 107049/9?
9
Let o = 298 + 385. Suppose 7*c - o = -53. What is the units digit of c?
0
Let k be ((-2)/(-2))/((-1)/(-11)). Suppose 4*z = z + 7089. Suppose k*n - z = 431. What is the hundreds digit of n?
2
Let o(u) = 56*u + 42. Suppose b - 3*k + 13 = 0, -12*b + 16*b - k - 3 = 0. What is the hundreds digit of o(b)?
1
Suppose 3*d = 5*d - 3*i + 821, 4*d = -4*i - 1692. Let t = d + 988. What is the hundreds digit of t?
5
Let d be (0 + -1)*(2 - 2). Let a(r) = -r**3 + 17*r**2 + 20*r - 34. Let l be a(18). What is the hundreds digit of -66*(0/1 - d - l)?
1
Let d(o) = -6*o + 92. Let z be d(-28). Suppose 2*u = -z + 2164. What is the hundreds digit of u?
9
Suppose 325*q - 9325793 + 1157893 = 0. What is the tens digit of q?
3
Suppose -10921 = -n + 2*d, 50*d + 10929 = n + 46*d. What is the thousands digit of n?
0
Let z(k) be the first derivative of k**4/4 + 19*k**3/3 - 23*k**2 + 35*k + 27. What is the tens digit of z(-20)?
5
Let r be 1096/137*(-11)/2*-1. Suppose -20466 = r*n - 79382. What is the tens digit of n?
3
Let c = 5 + -1. Suppose 2*t - 4*u - 150 = 0, -c*t + 24 + 226 = 2*u. Let p = 143 - t. What is the tens digit of p?
7
Let h(k) = 675*k**2 - 19*k + 59. What is the tens digit of h(3)?
7
Let i be -15*((-110)/(-30) + -4). Let p(f) = f + 2*f + 3*f**2 - 2 - 3 + 2*f. What is the units digit of p(i)?
5
Let w(q) = 6*q**2 + 5*q - 9. Suppose 0 = -4*j + 5*c - 252, -3*j + 37 = -2*c + 219. Let u = j - -53. What is the units digit of w(u)?
6
Suppose 2970 = 2*w - 2*q + 260, 5*w = -9*q + 6845. What is the thousands digit of w?
1
Let y = 27898 - -9469. What is the thousands digit of y?
7
Let p(u) = -17*u**3 - 2*u**2 + 2*u + 2. Let b(g) = 15*g + 8. Let o be b(2). Suppose -8 = -o*j + 42*j. What is the tens digit of p(j)?
2
Let k = 2516 + -1136. Suppose 5*w = 2*w - k. What is the tens digit of w/(-6) - 12/(-36)?
7
Suppose -233176 = -4*n - 3*h, 171949 = 3*n - 3*h - 2912. What is the thousands digit of n?
8
Let z = 585 - 238. Suppose -4*v = -3*m - z - 333, -5*v = -4*m - 851. Suppose -2*f + 4*f + v = b, -499 = -3*b + 4*f. What is the hundreds digit of b?
1
Let o(c) = c**3 - 159*c**2 + 11*c + 493. What is the tens digit of o(159)?
4
Let a(k) = -2*k + 2. Let i be a(-4). Let u be (-3*6)/(2/i). Let l = u + 165. What is the tens digit of l?
7
Let o(v) = -197*v + 984. What is the thousands digit of o(-32)?
7
Suppose 1740*u = 1745*u + 2*g - 34673, -5*g = -5*u + 34645. What is the tens digit of u?
3
Let f be (-8)/48 + (-273)/(-18). Suppose -h + f = 16. What is the units digit of ((-308)/3 - 1/3)*h?
3
Let d(i) = 401*i - 189. What is the hundreds digit of d(2)?
6
Suppose 13*u - 18*u + 40 = 0. Suppose -i + 10 = 5*d - 2*i, 4*d + 3*i - u = 0. Suppose 2*z - 22 = -d. What is the tens digit of z?
1
Let p = 45603 - 11609. What is the hundreds digit of p?
9
Suppose 0 = 2*h - 3*a - 80366, 68*h - 69*h + 40170 = 5*a. What is the ten thousands digit of h?
4
Suppose -10*v - 12 = -112. Let x(u) = -3*u - 4 + v*u - 1. What is the tens digit of x(5)?
3
Let j(g) = 50*g**2 + 147*g + 2646. What is the units digit of j(-17)?
7
Let w(c) = 6*c**2 + c + 10. Let n be w(-3). Let u = n + -50. Suppose -13*h + u*h + 124 = 0. What is the units digit of h?
2
Let l(s) = 3*s + 92. Let u be l(-29). Suppose 4*z + 2*a - 2986 = 0, 2*z + 2245 = u*z - 4*a. What is the hundreds digit of z?
7
Suppose 2*g = -m + 20722, -499*m - g = -503*m + 82834. What is the tens digit of m?
1
Let y be 6/(-5)*300/120. Let k(h) be th